{"version":"1.0","provider_name":"Poder Judicial de Puerto Rico","provider_url":"https:\/\/poderjudicial.pr","author_name":"Jorge Tanco","author_url":"https:\/\/poderjudicial.pr\/author\/jtr9694\/","title":"Ordenan receso del Programa de Educaci\u00f3n Jur\u00eddica Continua - Poder Judicial de Puerto Rico","type":"rich","width":600,"height":338,"html":"<blockquote class=\"wp-embedded-content\" data-secret=\"x8AoBgsLaL\"><a href=\"https:\/\/poderjudicial.pr\/ordenan-receso-del-programa-de-educacion-juridica-continua\/\">Ordenan receso del Programa de Educaci\u00f3n Jur\u00eddica Continua<\/a><\/blockquote><iframe sandbox=\"allow-scripts\" security=\"restricted\" src=\"https:\/\/poderjudicial.pr\/ordenan-receso-del-programa-de-educacion-juridica-continua\/embed\/#?secret=x8AoBgsLaL\" width=\"600\" height=\"338\" title=\"&#171;Ordenan receso del Programa de Educaci\u00f3n Jur\u00eddica Continua&#187; &#8212; Poder Judicial de Puerto Rico\" data-secret=\"x8AoBgsLaL\" frameborder=\"0\" marginwidth=\"0\" marginheight=\"0\" scrolling=\"no\" class=\"wp-embedded-content\"><\/iframe><script type=\"text\/javascript\">\n\/* <![CDATA[ *\/\n\/*! This file is auto-generated *\/\n!function(d,l){\"use strict\";l.querySelector&&d.addEventListener&&\"undefined\"!=typeof URL&&(d.wp=d.wp||{},d.wp.receiveEmbedMessage||(d.wp.receiveEmbedMessage=function(e){var t=e.data;if((t||t.secret||t.message||t.value)&&!\/[^a-zA-Z0-9]\/.test(t.secret)){for(var s,r,n,a=l.querySelectorAll('iframe[data-secret=\"'+t.secret+'\"]'),o=l.querySelectorAll('blockquote[data-secret=\"'+t.secret+'\"]'),c=new RegExp(\"^https?:$\",\"i\"),i=0;i<o.length;i++)o[i].style.display=\"none\";for(i=0;i<a.length;i++)s=a[i],e.source===s.contentWindow&&(s.removeAttribute(\"style\"),\"height\"===t.message?(1e3<(r=parseInt(t.value,10))?r=1e3:~~r<200&&(r=200),s.height=r):\"link\"===t.message&&(r=new URL(s.getAttribute(\"src\")),n=new URL(t.value),c.test(n.protocol))&&n.host===r.host&&l.activeElement===s&&(d.top.location.href=t.value))}},d.addEventListener(\"message\",d.wp.receiveEmbedMessage,!1),l.addEventListener(\"DOMContentLoaded\",function(){for(var e,t,s=l.querySelectorAll(\"iframe.wp-embedded-content\"),r=0;r<s.length;r++)(t=(e=s[r]).getAttribute(\"data-secret\"))||(t=Math.random().toString(36).substring(2,12),e.src+=\"#?secret=\"+t,e.setAttribute(\"data-secret\",t)),e.contentWindow.postMessage({message:\"ready\",secret:t},\"*\")},!1)))}(window,document);\n\/\/# sourceURL=https:\/\/poderjudicial.pr\/wp-includes\/js\/wp-embed.min.js\n\/* ]]> *\/\n<\/script>\n","thumbnail_url":"https:\/\/poderjudicial.pr\/wp-content\/uploads\/2020\/08\/banner-comunicados-new.png","thumbnail_width":1024,"thumbnail_height":467,"description":"Como una medida de sana administraci\u00f3n y control de gastos, la Jueza Presidenta del Tribunal Supremo, Hon. Maite D. Oronoz Rodr\u00edguez, autoriz\u00f3 un receso administrativo del Programa de Educaci\u00f3n Jur\u00eddica Continua (PEJC) desde el mi\u00e9rcoles, 23 de diciembre de 2020, hasta el viernes, 8 de enero de 2021. Las labores reiniciar\u00e1n el lunes, 11 de [&hellip;]"}

Ordenan receso del Programa de Educación Jurídica Continua - Poder Judicial de Puerto Rico

<blockquote class="wp-embedded-content" data-secret="x8AoBgsLaL"><a href="https://poderjudicial.pr/ordenan-receso-del-programa-de-educacion-juridica-continua/">Ordenan receso del Programa de Educación Jurídica Continua</a></blockquote><iframe sandbox="allow-scripts" security="restricted" src="https://poderjudicial.pr/ordenan-receso-del-programa-de-educacion-juridica-continua/embed/#?secret=x8AoBgsLaL" width="600" height="338" title="&#171;Ordenan receso del Programa de Educación Jurídica Continua&#187; &#8212; Poder Judicial de Puerto Rico" data-secret="x8AoBgsLaL" frameborder="0" marginwidth="0" marginheight="0" scrolling="no" class="wp-embedded-content"></iframe><script type="text/javascript">
/* <![CDATA[ */
/*! This file is auto-generated */
!function(d,l){"use strict";l.querySelector&&d.addEventListener&&"undefined"!=typeof URL&&(d.wp=d.wp||{},d.wp.receiveEmbedMessage||(d.wp.receiveEmbedMessage=function(e){var t=e.data;if((t||t.secret||t.message||t.value)&&!/[^a-zA-Z0-9]/.test(t.secret)){for(var s,r,n,a=l.querySelectorAll('iframe[data-secret="'+t.secret+'"]'),o=l.querySelectorAll('blockquote[data-secret="'+t.secret+'"]'),c=new RegExp("^https?:$","i"),i=0;i<o.length;i++)o[i].style.display="none";for(i=0;i<a.length;i++)s=a[i],e.source===s.contentWindow&&(s.removeAttribute("style"),"height"===t.message?(1e3<(r=parseInt(t.value,10))?r=1e3:~~r<200&&(r=200),s.height=r):"link"===t.message&&(r=new URL(s.getAttribute("src")),n=new URL(t.value),c.test(n.protocol))&&n.host===r.host&&l.activeElement===s&&(d.top.location.href=t.value))}},d.addEventListener("message",d.wp.receiveEmbedMessage,!1),l.addEventListener("DOMContentLoaded",function(){for(var e,t,s=l.querySelectorAll("iframe.wp-embedded-content"),r=0;r<s.length;r++)(t=(e=s[r]).getAttribute("data-secret"))||(t=Math.random().toString(36).substring(2,12),e.src+="#?secret="+t,e.setAttribute("data-secret",t)),e.contentWindow.postMessage({message:"ready",secret:t},"*")},!1)))}(window,document);
//# sourceURL=https://poderjudicial.pr/wp-includes/js/wp-embed.min.js
/* ]]> */
</script>

Como una medida de sana administración y control de gastos, la Jueza Presidenta del Tribunal Supremo, Hon. Maite D. Oronoz Rodríguez, autorizó un receso administrativo del Programa de Educación Jurídica Continua (PEJC) desde el miércoles, 23 de diciembre de 2020, hasta el viernes, 8 de enero de 2021. Las labores reiniciarán el lunes, 11 de [&hellip;]
